{"id":118,"date":"2019-06-19T13:05:03","date_gmt":"2019-06-19T13:05:03","guid":{"rendered":"http:\/\/carolin-getraenke.de\/?page_id=118"},"modified":"2023-06-10T09:07:35","modified_gmt":"2023-06-10T09:07:35","slug":"agbn","status":"publish","type":"page","link":"https:\/\/carolin-getraenke.de\/?page_id=118","title":{"rendered":"AGBn"},"content":{"rendered":"\t\t<div data-elementor-type=\"wp-post\" data-elementor-id=\"118\" class=\"elementor elementor-118\">\n\t\t\t\t\t\t<section class=\"has_eae_slider elementor-section elementor-top-section elementor-element elementor-element-0a136fb elementor-section-stretched elementor-section-boxed elementor-section-height-default elementor-section-height-default\" data-eae-slider=\"76444\" data-id=\"0a136fb\" data-element_type=\"section\" data-e-type=\"section\" data-settings=\"{&quot;stretch_section&quot;:&quot;section-stretched&quot;,&quot;background_background&quot;:&quot;classic&quot;}\">\n\t\t\t\t\t\t\t<div class=\"elementor-background-overlay\"><\/div>\n\t\t\t\t\t\t\t<div class=\"elementor-container elementor-column-gap-default\">\n\t\t\t\t\t<div class=\"has_eae_slider elementor-column elementor-col-100 elementor-top-column elementor-element elementor-element-be7abbc\" data-eae-slider=\"19327\" data-id=\"be7abbc\" data-element_type=\"column\" data-e-type=\"column\">\n\t\t\t<div class=\"elementor-widget-wrap elementor-element-populated\">\n\t\t\t\t\t\t<div class=\"elementor-element elementor-element-c82f1af elementor-invisible elementor-widget elementor-widget-heading\" data-id=\"c82f1af\" data-element_type=\"widget\" data-e-type=\"widget\" data-settings=\"{&quot;_animation&quot;:&quot;zoomIn&quot;}\" data-widget_type=\"heading.default\">\n\t\t\t\t<div class=\"elementor-widget-container\">\n\t\t\t\t\t<h2 class=\"elementor-heading-title elementor-size-default\">AGB<\/h2>\t\t\t\t<\/div>\n\t\t\t\t<\/div>\n\t\t\t\t\t<\/div>\n\t\t<\/div>\n\t\t\t\t\t<\/div>\n\t\t<\/section>\n\t\t\t\t<section class=\"has_eae_slider elementor-section elementor-top-section elementor-element elementor-element-25bc1e23 elementor-section-boxed elementor-section-height-default elementor-section-height-default\" data-eae-slider=\"99411\" data-id=\"25bc1e23\" data-element_type=\"section\" data-e-type=\"section\">\n\t\t\t\t\t\t<div class=\"elementor-container elementor-column-gap-default\">\n\t\t\t\t\t<div class=\"has_eae_slider elementor-column elementor-col-100 elementor-top-column elementor-element elementor-element-2f75be17\" data-eae-slider=\"92427\" data-id=\"2f75be17\" data-element_type=\"column\" data-e-type=\"column\">\n\t\t\t<div class=\"elementor-widget-wrap elementor-element-populated\">\n\t\t\t\t\t\t<div class=\"elementor-element elementor-element-19c825ba elementor-widget elementor-widget-text-editor\" data-id=\"19c825ba\" data-element_type=\"widget\" data-e-type=\"widget\" data-widget_type=\"text-editor.default\">\n\t\t\t\t<div class=\"elementor-widget-container\">\n\t\t\t\t\t\t\t\t\t<h3><strong>AGB der Carolin Getr\u00e4nke Company GmbH<\/strong><\/h3><p><strong>\u00a7 1 Geltungsbereich<\/strong><\/p><p>Die nachstehenden AGB gelten f\u00fcr alle Kaufvertr\u00e4ge und Lieferungen, auch solche aus zuk\u00fcnftigen Gesch\u00e4ftsabschl\u00fcssen und Angebote der Carolin Getr\u00e4nke Company GmbH. <br \/>Es gelten ausschlie\u00dflich die AGB der Verk\u00e4uferin. Der K\u00e4ufer akzeptiert diese selbst dann, wenn er eigene, von diesen abweichende AGB&#8217;s verwendet. Selbst wenn die AGB der Verk\u00e4uferin \u00fcber eine Frage keine Regelung getroffen hat, bedeutet das nicht die \u00dcbernahme der AGB der K\u00e4uferin.<br \/>Die Carolin Getr\u00e4nke Company GmbH verkauft ausschlie\u00dflich an Gewerbetreibende. Der Kunde sichert mit seinem Abschluss die Eigenschaft als Gewerbetreiber zu.<\/p><p><strong>\u00a7 2 Vertragsschluss<\/strong><br \/>Bestellungen werden entweder durch schriftliche Best\u00e4tigung oder direkte Auslieferung der Ware best\u00e4tigt. Lieferung nur solange der Vorrat reicht. Sofern Artikel nur noch teilweise lieferbar sind, beh\u00e4lt sich die Carolin Getr\u00e4nke Company GmbH vor, auch Teilmengen zu liefern.<br \/>Die in den Prospekten oder Handzettel angegebenen Preise gelten bis zur Herausgabe neuer Kataloge, Preislisten, Prospekte oder Handzettel. Die Preise f\u00fcr Sonderangebote gelten nur nach jeweiliger Ma\u00dfgabe dieser Angebote und sind beschr\u00e4nkt auf den zum Zeitpunkt der Herausgabe dieses Angebots vorhandenen Warenbestand. Die in unseren Prospekten und in unseren Lagerhallen als &#8222;Exportartikel&#8220; ausgewiesenen Waren sind ausschlie\u00dflich f\u00fcr die Ausfuhr bestimmt und d\u00fcrfen nicht im Inland an Endverbraucher abgegeben werden. Die Preise werden netto ausgewiesen und verstehen sich zuz\u00fcglich der zum Zeitpunkt der Lieferung jeweils g\u00fcltigen Umsatzsteuer.<\/p><p><strong>\u00a7 3. Lieferung<\/strong><br \/>Die von uns genannten Liefertermine sind unverbindlich. Wir schlie\u00dfen Schadenersatzanspr\u00fcche f\u00fcr verz\u00f6gerter Lieferungen aus. Wir behalten uns Teillieferungen vor. Reklamationen bez\u00fcglich der Menge der gelieferten Ware und zur\u00fcckgenommene Gebinde hat die K\u00e4uferin unverz\u00fcglich bei Empfang anzumelden. Sollten M\u00e4ngel festgestellt werden, die zu Lasten des Lieferanten gehen, kann die K\u00e4uferin Ersatz der Ware oder Gutschrift verlangen. Schadenersatzanspr\u00fcche sind ausgeschlossen. M\u00e4ngel, die durch unsachgem\u00e4\u00dfe Lagerung oder Behandlung bei der K\u00e4uferin entstehen, gehen zu deren Lasten.<\/p><p><strong>\u00a7 4. Produktabweichungen<\/strong><br \/>Es sind Abweichungen gegen\u00fcber den Abbildungen oder Beschreibungen in unseren Prospekten oder auf der Website m\u00f6glich. Wir \u00fcbernehmen keine Haftung f\u00fcr Druckfehler, Irrt\u00fcmer und Produktdesign.<\/p><p><strong>\u00a7 5. Gew\u00e4hrleistung<\/strong><br \/>Wir \u00fcbernehmen Haftung nur in dem gesetzlich vorgeschriebenen Umfang. Die Haftung f\u00fcr leichte Fahrl\u00e4ssigkeit wird ohne R\u00fccksicht auf seine Rechtsnatur ausdr\u00fccklich ausgeschlossen.<br \/>Die oben genannte Haftungsbeschr\u00e4nkung gilt f\u00fcr die Handlungen unserer gesetzlichen Vertreter, Mitarbeiter, Handelsvertreter und sonstiger Erf\u00fcllungs- und\/oder Verrichtungsgehilfen.<\/p><p><strong>\u00a7 6. Zahlungsverzug<\/strong><br \/>Der Kaufpreis ist vorbehaltlich anderer Vereinbarungen sofort bei Lieferung f\u00e4llig und in bar zu bezahlen. Bei Nichtzahlung des vollst\u00e4ndigen Kaufpreises behalten wir vor, die Lieferung abzubrechen. Die K\u00e4uferin ist in diesem Fall verpflichtet, den entstandenen Schaden zu bezahlen. Bei Zahlungsverzug wird der Betrag gem\u00e4\u00df \u00a7 288 BGB verzinst.<\/p><p><strong>\u00a7 7. Aufrechnung<\/strong><br \/>Eine Aufrechnung findet nur bei rechtskr\u00e4ftig titulierten Gegenanspr\u00fcchen statt. Ein Zur\u00fcckbehaltungsrecht darf nur dann ausge\u00fcbt werden, wenn es auf dem selben Kaufvertrag beruht, der auch unserer Forderung zugrunde liegt.<\/p><p><strong>\u00a7 8. Eigentumsvorbehalt<\/strong><br \/>Die von uns gelieferte Ware bleibt bis zur vollst\u00e4ndigen Bezahlung unserer s\u00e4mtlichen, auch der zuk\u00fcnftig entstehenden Forderungen aus der Gesch\u00e4ftsbeziehung Eigentum der Carolin Getr\u00e4nke Company GmbH.<\/p><p><strong>\u00a7 9. Erf\u00fcllungsort<\/strong><br \/>Erf\u00fcllungsort ist der Gesch\u00e4ftssitz der Verk\u00e4uferin.<\/p><p><strong>\u00a7 10. Anzuwendendes Recht und Gerichtsstand<\/strong><br \/>F\u00fcr alle Auseinandersetzungen zwischen den Parteien gilt deutsches Recht. Ist der K\u00e4ufer Vollkaufmann, juristische Person des \u00f6ffentlichen Rechts oder \u00f6ffentlich &#8211; rechtliches Sonderverm\u00f6gen, ist der Sitz unserer Gesellschaft Gerichtsstand. Wir sind jedoch berechtigt, den K\u00e4ufer auch vor dem f\u00fcr seinen Sitz zust\u00e4ndigen Gericht zu verklagen.<\/p><p><strong>\u00a7 11. Datenschutz<\/strong><br \/>Der Kunde willigt in die Speicherung, Verarbeitung und Nutzung personenbezogener Daten zu unseren eigenen wirtschaftlichen Zwecken ein. Die Nutzung der Daten durch uns erfolgt unter Ber\u00fccksichtigung des Bundesdatenschutzgesetzes.<\/p><p><strong>\u00a7 12. Salvatorische Klausel<\/strong><br \/>Sollte eine dieser Bedingungen oder Teile davon nicht rechtswirksam sein, so behalten alle anderen Bedingungen ihre G\u00fcltigkeit. Anstelle der unwirksamen Bestimmung gilt dann die gesetzliche Bestimmung.<\/p>\t\t\t\t\t\t\t\t<\/div>\n\t\t\t\t<\/div>\n\t\t\t\t\t<\/div>\n\t\t<\/div>\n\t\t\t\t\t<\/div>\n\t\t<\/section>\n\t\t\t\t<section class=\"has_eae_slider elementor-section elementor-top-section elementor-element elementor-element-36c32e9 elementor-section-height-min-height elementor-section-stretched elementor-section-boxed elementor-section-height-default elementor-section-items-middle\" data-eae-slider=\"92446\" data-id=\"36c32e9\" data-element_type=\"section\" data-e-type=\"section\" data-settings=\"{&quot;background_background&quot;:&quot;classic&quot;,&quot;stretch_section&quot;:&quot;section-stretched&quot;}\">\n\t\t\t\t\t\t\t<div class=\"elementor-background-overlay\"><\/div>\n\t\t\t\t\t\t\t<div class=\"elementor-container elementor-column-gap-default\">\n\t\t\t\t\t<div class=\"has_eae_slider elementor-column elementor-col-100 elementor-top-column elementor-element elementor-element-9096c40\" data-eae-slider=\"28329\" data-id=\"9096c40\" data-element_type=\"column\" data-e-type=\"column\">\n\t\t\t<div class=\"elementor-widget-wrap elementor-element-populated\">\n\t\t\t\t\t\t<div class=\"elementor-element elementor-element-da0c84f elementor-invisible elementor-widget elementor-widget-heading\" data-id=\"da0c84f\" data-element_type=\"widget\" data-e-type=\"widget\" data-settings=\"{&quot;_animation&quot;:&quot;zoomIn&quot;}\" data-widget_type=\"heading.default\">\n\t\t\t\t<div class=\"elementor-widget-container\">\n\t\t\t\t\t<h2 class=\"elementor-heading-title elementor-size-large\">Sie haben Fragen an uns?<\/h2>\t\t\t\t<\/div>\n\t\t\t\t<\/div>\n\t\t\t\t<div class=\"elementor-element elementor-element-07394c9 elementor-invisible elementor-widget elementor-widget-text-editor\" data-id=\"07394c9\" data-element_type=\"widget\" data-e-type=\"widget\" data-settings=\"{&quot;_animation&quot;:&quot;fadeIn&quot;}\" data-widget_type=\"text-editor.default\">\n\t\t\t\t<div class=\"elementor-widget-container\">\n\t\t\t\t\t\t\t\t\t<p>Sie k\u00f6nnen uns jederzeit kontaktieren.<\/p>\t\t\t\t\t\t\t\t<\/div>\n\t\t\t\t<\/div>\n\t\t\t\t<div class=\"elementor-element elementor-element-4bd9a52 elementor-align-center elementor-mobile-align-center elementor-widget elementor-widget-button\" data-id=\"4bd9a52\" data-element_type=\"widget\" data-e-type=\"widget\" data-widget_type=\"button.default\">\n\t\t\t\t<div class=\"elementor-widget-container\">\n\t\t\t\t\t\t\t\t\t<div class=\"elementor-button-wrapper\">\n\t\t\t\t\t<a class=\"elementor-button elementor-button-link elementor-size-lg\" href=\"\/?page_id=90\">\n\t\t\t\t\t\t<span class=\"elementor-button-content-wrapper\">\n\t\t\t\t\t\t<span class=\"elementor-button-icon\">\n\t\t\t\t<i aria-hidden=\"true\" class=\"fas fa-info-circle\"><\/i>\t\t\t<\/span>\n\t\t\t\t\t\t\t\t\t<span class=\"elementor-button-text\">Kontakt<\/span>\n\t\t\t\t\t<\/span>\n\t\t\t\t\t<\/a>\n\t\t\t\t<\/div>\n\t\t\t\t\t\t\t\t<\/div>\n\t\t\t\t<\/div>\n\t\t\t\t\t<\/div>\n\t\t<\/div>\n\t\t\t\t\t<\/div>\n\t\t<\/section>\n\t\t\t\t<\/div>\n\t\t","protected":false},"excerpt":{"rendered":"<p>AGB AGB der Carolin Getr\u00e4nke Company GmbH \u00a7 1 Geltungsbereich Die nachstehenden AGB gelten f\u00fcr alle Kaufvertr\u00e4ge und Lieferungen, auch &hellip; <\/p>\n","protected":false},"author":1,"featured_media":0,"parent":0,"menu_order":0,"comment_status":"closed","ping_status":"closed","template":"elementor_header_footer","meta":{"footnotes":""},"class_list":["post-118","page","type-page","status-publish","hentry"],"_links":{"self":[{"href":"https:\/\/carolin-getraenke.de\/index.php?rest_route=\/wp\/v2\/pages\/118","targetHints":{"allow":["GET"]}}],"collection":[{"href":"https:\/\/carolin-getraenke.de\/index.php?rest_route=\/wp\/v2\/pages"}],"about":[{"href":"https:\/\/carolin-getraenke.de\/index.php?rest_route=\/wp\/v2\/types\/page"}],"author":[{"embeddable":true,"href":"https:\/\/carolin-getraenke.de\/index.php?rest_route=\/wp\/v2\/users\/1"}],"replies":[{"embeddable":true,"href":"https:\/\/carolin-getraenke.de\/index.php?rest_route=%2Fwp%2Fv2%2Fcomments&post=118"}],"version-history":[{"count":3,"href":"https:\/\/carolin-getraenke.de\/index.php?rest_route=\/wp\/v2\/pages\/118\/revisions"}],"predecessor-version":[{"id":1605,"href":"https:\/\/carolin-getraenke.de\/index.php?rest_route=\/wp\/v2\/pages\/118\/revisions\/1605"}],"wp:attachment":[{"href":"https:\/\/carolin-getraenke.de\/index.php?rest_route=%2Fwp%2Fv2%2Fmedia&parent=118"}],"curies":[{"name":"wp","href":"https:\/\/api.w.org\/{rel}","templated":true}]}}